 o be 1*(0/(-1))/1. Suppose o = -2*k - v + 4*v - 24, 0 = -4*k - v - 34. Let u = k + 17. What is the units digit of u?
8
Suppose 5*k = -q + 15499, -2*k + 3*q = k - 9303. What is the hundreds digit of k?
1
Let a = -55 + 63. What is the tens digit of (0 - a)/1*-13?
0
Let z(i) = 31*i**2 + 3*i + 15. What is the tens digit of z(-8)?
7
Suppose 5*m + v - 263 = 0, -m + 3*v = -2*m + 61. Suppose -4*s = -2*s - m. Suppose 4*w - s = -6. What is the units digit of w?
5
Let b(h) = 252*h + 23. What is the tens digit of b(2)?
2
Let f = -9 + 11. What is the tens digit of 8/12*2*147/f?
9
Let v = 3765 + -1682. What is the units digit of v?
3
Let k(p) = -p**3 + 11*p**2 - 18*p + 7. Let g be k(8). Suppose -j + g = -37. What is the tens digit of j?
9
Let z(q) = -q**3 + 7*q**2 + 8*q - 6. Let a = -34 - -37. Let k be (3 - (0 - 1)) + a. What is the tens digit of z(k)?
5
Suppose -2*q + 160 = -8*o + 6*o, q - 55 = -4*o. What is the units digit of q?
5
Let c(r) = -r**3 + 2*r + 9. Let s = -42 + 37. What is the tens digit of c(s)?
2
Let u(j) = -j**2 - 7*j + 17. Let p be u(-8). Let s = p + 27. What is the tens digit of s?
3
Let j = -3037 + 5179. What is the hundreds digit of j?
1
Let z(m) = 4*m**2 + 37*m - 241. What is the hundreds digit of z(21)?
3
Let y(n) = 1. Let v(r) = -r**2 - 9*r - 14. Let h(m) = -v(m) - 3*y(m). Let t be h(-8). Suppose -5*i = -2*c - 52 - 19, 0 = -t*c - 9. What is the units digit of i?
3
Let n(l) = 159*l**3 + 6*l**2 - l - 1. What is the hundreds digit of n(2)?
2
Let i = 10 + -8. Suppose 5*v = i*v - 6. Let g(m) = -3*m - 3. What is the units digit of g(v)?
3
Let v be 3 - (-3 + 6 + -2). Suppose -v*o = u - 60, -3*u - 2*o - 2*o + 190 = 0. Suppose 3*i - u = 23. What is the units digit of i?
1
Let s = 15 - 19. What is the tens digit of 29/(-2 + 3) + s?
2
Let d(t) = -2*t + 7. Let o be d(-9). Suppose f - 3*f = -m - 35, 0 = f - 3*m - o. Suppose -f = -h - 3*a, 82 = 4*h + 2*a + a. What is the units digit of h?
2
Let j(k) = 7*k + 81. Let m be j(30). Let i = -60 + m. What is the units digit of i?
1
Suppose -3*r + 2*p - 634 = 0, r - 2*p + 176 = -42. Let x = 330 + r. Suppose 103 + x = 5*y. What is the tens digit of y?
4
Suppose 4*w - 3*o = 189 + 169, 0 = 5*w - 5*o - 445. What is the tens digit of w?
9
Suppose -2*j + 7*j = 125. Suppose -7*y + 50 = 3*y. Suppose x + y = j. What is the units digit of x?
0
Suppose 0*g - 5*g + 610 = 0. Let q = g + -55. Suppose 212 - q = 5*f. What is the units digit of f?
9
Suppose 0 = 18*v - 17*v - 85. Suppose -5*u - 15 = -v. What is the tens digit of ((-12)/u)/(6/(-252))?
3
Let y = -3 - -9. Let k = y - 10. What is the units digit of 1/(((-16)/12)/k)?
3
Suppose 19*v - 2176 = 3*v. What is the hundreds digit of v?
1
Let p(w) = w**2 + 14*w + 31. Let u be p(-11). What is the units digit of (-99)/(-18)*(-1 - u - -21)?
1
Let b be -7 - -2 - 0/4. Let q = b + 8. Suppose -q*c + 24 = -33. What is the units digit of c?
9
Let x = 610 + -16. Suppose 4*r - 2*u + 0*u = x, 0 = -r + 5*u + 126. Suppose -4*b - r = -4*q - 9*b, 5*q - 5*b - 200 = 0. What is the tens digit of q?
3
Suppose 6*g - 8 = 2*g. Let y be 5/g + 1/2. Suppose -2*o + y*o = 30. What is the units digit of o?
0
Let q(h) = 27*h**2 - 75*h + 10. What is the units digit of q(7)?
8
Let p(z) = z - 15*z**3 + 2 - 5*z**2 + 1 - 4 + 16*z**3. Let h be p(5). Suppose 0 = -3*m + h*t + 5, -5*t + 6 = -14. What is the units digit of m?
7
Suppose 6 = -2*g + 16. Suppose -g*i = -3*i - 302. What is the units digit of i?
1
Suppose 5*q - 5*o - 14 = 16, -3*o - 14 = -q. Let j(d) = 50*d. What is the hundreds digit of j(q)?
1
Let t(k) = k**3 - k + 2. Let w be t(0). What is the units digit of 14 + -14 + 30/w?
5
Suppose -16*t + 13*t + 7150 = -4*u, 7118 = 3*t + 4*u. What is the thousands digit of t?
2
Let u = 1153 - 727. What is the tens digit of u?
2
Let m(r) = -1 + r**2 + 6*r**2 + r + 2*r**2. Let w be m(-2). Suppose 4*s - 7*s = -w. What is the units digit of s?
1
Suppose 55 + 77 = 2*q. Suppose -2*g - q = -4*n, 2*n + 3*n - 2*g - 81 = 0. What is the units digit of n?
5
Let k(h) = 22*h**3 - 8*h**2 + 24*h - 46. What is the thousands digit of k(5)?
2
Let j be -1*((3 - 20) + 1). Suppose 0*l - l = 4*h - j, -3*h - 2*l + 17 = 0. Suppose 0 = 4*q - 5*d - 25, -5*q - h*d + 62 = d. What is the units digit of q?
0
Let o(k) = -23*k - 33. What is the tens digit of o(-12)?
4
Let w(b) = 0*b**2 - 9*b + b**2 + b**2. What is the units digit of w(6)?
8
Suppose 0 = -119*q + 56*q + 360297. What is the thousands digit of q?
5
Let j be -2 + (0 - 0) + 2. Let s = 2 - j. Suppose 8 + s = 2*m. What is the units digit of m?
5
What is the hundreds digit of 104/65*(917 + -2)?
4
Let y(x) be the first derivative of x**2 - 4*x - 1. Let a be y(3). Suppose -35 = -a*k - 3*l - 7, 0 = -5*k + 4*l + 70. What is the tens digit of k?
1
Let f(r) be the third derivative of r**5/20 + r**4/8 - r**3/2 - 3*r**2. Suppose -12 = -h - 5*h. What is the units digit of f(h)?
5
Suppose 3*q + 7 = 19, -2*q + 13 = i. Suppose 2*f + 6 = i*m, -5*f + 4*m = m - 4. What is the units digit of f/(-14) - (-591)/21?
8
Suppose -3*q = -5 - 4. Suppose q*b + x = 61 - 21, -5*b + 67 = 2*x. What is the tens digit of b?
1
Let x(q) = q**3 - 12*q**2 + 9*q + 16. Let i be x(11). What is the hundreds digit of (27/(-6))/(i/204)?
1
Let k be 4/(-6)*(-1989)/34. Suppose 4 = -7*h + k. What is the units digit of h?
5
Let j(h) = 7*h + 4. Let m be 20/(-15)*(-18)/(-4). Let f(q) = 6*q + 5. Let c(t) = m*j(t) + 5*f(t). What is the units digit of c(-1)?
3
Suppose 3*g - 11230 = -17*v + 12*v, v - 2*g = 2233. What is the thousands digit of v?
2
Let a be (118/5)/(4/10). Let i = a - 32. Suppose 5*b - i = 18. What is the units digit of b?
9
Suppose 5*r - 3*b = -13 + 30, 3*b = 2*r - 14. Let t be 11/r - (-10)/(-10). Suppose 2*x - 5*k = 40, -t = -x - k + 6*k. What is the units digit of x?
0
Suppose 3*m + m + 5*l = 1885, 0 = l + 3. What is the units digit of m?
5
Suppose -3*x = 17*x - 9560. What is the tens digit of x?
7
Let d = 215 - 142. What is the tens digit of d?
7
Let b = -53 - -58. What is the units digit of -6 + b - (-2 - 52)?
3
Let b(i) = -61*i - 98. What is the units digit of b(-8)?
0
Suppose 0 = k + 4*h - 14, -41 = -4*k + 2*k + 5*h. Suppose -i - i + 2*c = k, 3*i - 4*c + 30 = 0. What is the units digit of (-9)/5*20/i?
6
Suppose 0*c = -2*c - 2*t - 132, -t = 1. Let o = 99 - c. Suppose o = 4*z - 20. What is the tens digit of z?
4
Suppose -4*q = 5*o - 48, 3*o - 9 + 4 = -q. Suppose 8 = -3*b + q. Let t = 6 + b. What is the units digit of t?
9
Let j be 1*(2 - 1)*57. Suppose 5*z + 102 = 2*z. Let a = z + j. What is the units digit of a?
3
Let l = 29 + -27. Suppose 0 = l*g - 7*g + 415. What is the tens digit of g?
8
Suppose -q + 15 = 4*q. Suppose 5*w + 0*w = q*r + 275, 3*w - 3*r = 159. What is the units digit of w?
8
Let n be -3 + (-28)/(-12) - (-232)/6. Let t = 73 + n. What is the units digit of t?
1
Suppose 10244 = 4*u - 4*q, -7769 = -4*u + 2*q + 2465. What is the units digit of u?
6
Suppose 0 = -2*a - 2*o + 7242, -20*o = -2*a - 18*o + 7250. What is the units digit of a?
3
Let h = -13 - -14. Let g(z) = -h + 5*z + 16*z**2 - 8*z + 4*z. What is the tens digit of g(1)?
1
Suppose 3 = 4*h - 5, -2*h = u + 38. Suppose 0 = -3*g - 5*d - 32, 8 = 4*g - 5*g - 3*d. What is the units digit of 4/g + (-348)/u?
8
Let n(m) = 4*m - 31. Let s be n(9). Let z(l) = 8*l + 3. Let y(r) = -9*r - 2. Let h(t) = 4*y(t) + 5*z(t). What is the tens digit of h(s)?
2
Let b = -397 - -757. What is the units digit of b?
0
Let v(p) = -p**2 - 4*p + 3. Let a be v(-4). Suppose 0 = 5*q - a*q - b - 12, -3*q + 2*b = -16. What is the units digit of 24/q*(5 - -1)?
8
What is the tens digit of (-13788)/(-20) + -9 + 4/(-10)?
8
Suppose 0 = 5*g - 12*g + 35. Suppose -50 = -g*i + 3*i. What is the units digit of i?
5
Suppose -5*u - 4*d = -16, -4*u - 2*d + 12 = d. Suppose 5*h = -u*h + 200. What is the tens digit of h?
4
Let j(g) = g**2 + 2*g - 2. Let s be j(-2). Let r be (s*2)/(2/1). Let x = 0 - r. What is the units digit of x?
2
Let f = 16 + -18. Let g be 12 + -9 - f*2. Suppose -g*q = -q - 102. What is the units digit of q?
7
Let d(c) = 31*c**2 + 3*c + 10. Let x be d(-4). Suppose 0*w = 4*w - 4*o - 392, 0 = -5*w + o + x. What is the tens digit of w?
9
Suppose 5*r = -2*l + 16, 12 = 4*r - 2*r - 2*l. Suppose r*k + 55 = 19. Let q = k - -21. What is the tens digit of q?
1
Suppose 2*q - v - 13